{"id":97,"date":"2015-07-01T15:18:42","date_gmt":"2015-07-01T12:18:42","guid":{"rendered":"http:\/\/kris.trendgardens.ee\/?page_id=97"},"modified":"2025-11-21T09:50:58","modified_gmt":"2025-11-21T07:50:58","slug":"teenused-2","status":"publish","type":"page","link":"https:\/\/trendgardens.ee\/?page_id=97","title":{"rendered":"Teenused"},"content":{"rendered":"<p><b>*Puidu s\u00fcgavimmutus<\/b><\/p>\n<p><a href=\"https:\/\/www.wolman.de\/en\/products\/vacuum-pressure-treatment\/wolmanit-cx\">Wolmanit CX-8WB \u00a0<\/a>kemikaali baasil nii rohelist kui pruuni v\u00e4rvi.<\/p>\n<p>Wolmanit\u00ae CX-ga t\u00f6\u00f6deldud puit on laste ja keskkonna jaoks ohutud. Wolmanit\u00ae CX p\u00f5hineb vase-HDO-l, fungitsiidil, mida on puitkaitses edukalt kasutatud juba aastaid ning mis on l\u00e4binud maailma \u00fche k\u00f5ige p\u00f5hjalikuma toksikoloogilise testimise k\u00f5igist puidukaitsevahenditest.<\/p>\n<p>Tingimused ning hind kokkuleppel telefonil: +372 501 9995 v\u00f5i e-mail:<a href=\"mailto: info@trendgardens.ee\">info@trendgardens.ee<\/a><\/p>\n","protected":false},"excerpt":{"rendered":"<p>*Puidu s\u00fcgavimmutus Wolmanit CX-8WB \u00a0kemikaali baasil nii rohelist kui pruuni v\u00e4rvi. Wolmanit\u00ae CX-ga t\u00f6\u00f6deldud puit on laste ja keskkonna jaoks ohutud. Wolmanit\u00ae CX p\u00f5hineb vase-HDO-l, fungitsiidil, mida on puitkaitses edukalt kasutatud juba aastaid ning mis on l\u00e4binud maailma \u00fche k\u00f5ige p\u00f5hjalikuma toksikoloogilise testimise k\u00f5igist puidukaitsevahenditest. Tingimused ning hind kokkuleppel telefonil:&#8230;<\/p>\n","protected":false},"author":1,"featured_media":0,"parent":0,"menu_order":0,"comment_status":"closed","ping_status":"closed","template":"","meta":{"footnotes":""},"class_list":["post-97","page","type-page","status-publish","hentry"],"_links":{"self":[{"href":"https:\/\/trendgardens.ee\/index.php?rest_route=\/wp\/v2\/pages\/97","targetHints":{"allow":["GET"]}}],"collection":[{"href":"https:\/\/trendgardens.ee\/index.php?rest_route=\/wp\/v2\/pages"}],"about":[{"href":"https:\/\/trendgardens.ee\/index.php?rest_route=\/wp\/v2\/types\/page"}],"author":[{"embeddable":true,"href":"https:\/\/trendgardens.ee\/index.php?rest_route=\/wp\/v2\/users\/1"}],"replies":[{"embeddable":true,"href":"https:\/\/trendgardens.ee\/index.php?rest_route=%2Fwp%2Fv2%2Fcomments&post=97"}],"version-history":[{"count":8,"href":"https:\/\/trendgardens.ee\/index.php?rest_route=\/wp\/v2\/pages\/97\/revisions"}],"predecessor-version":[{"id":2019,"href":"https:\/\/trendgardens.ee\/index.php?rest_route=\/wp\/v2\/pages\/97\/revisions\/2019"}],"wp:attachment":[{"href":"https:\/\/trendgardens.ee\/index.php?rest_route=%2Fwp%2Fv2%2Fmedia&parent=97"}],"curies":[{"name":"wp","href":"https:\/\/api.w.org\/{rel}","templated":true}]}}